 the prime factors of ((-12)/o)/(4/222).
37
Let z(w) = 13*w**2 - 15*w + 11. What are the prime factors of z(6)?
389
Suppose 16*j - 19*j = -1548. List the prime factors of j.
2, 3, 43
List the prime factors of -5 - (3/4 - (-23846)/(-8)).
5, 7, 17
Let b(k) = -4*k - 113. What are the prime factors of b(-31)?
11
Let a = 1298 - -750. List the prime factors of a.
2
Suppose 0 = -y + 4*c - 2*c, -2*c + 12 = 5*y. What are the prime factors of (7 - 8)/(y/(-166))?
83
Suppose -8*v - 15 = -3*v, -l + v + 28 = 0. Let w = 282 - l. List the prime factors of w.
257
Let r(s) be the third derivative of s**5/60 + s**4/24 + 3*s**3/2 + 29*s**2. List the prime factors of r(0).
3
Suppose -3*m - m - 20 = 4*g, 0 = 4*g + 12. Let t = -2 - m. Suppose d + 7 = -u + 32, t = -4*u + 3*d + 79. List the prime factors of u.
2, 11
Let z(o) = o**2 - 11*o + 15. Let c be z(7). Let r = c - -86. What are the prime factors of r?
73
What are the prime factors of (-74)/10*(-155)/62*34?
17, 37
Suppose -2*d + 4*f = -4534, -3*d + 2702 = -f - 4109. List the prime factors of d.
3, 757
Suppose 5*m - 20*m + 83100 = 0. List the prime factors of m.
2, 5, 277
Let h = 1124 + 1333. List the prime factors of h.
3, 7, 13
Suppose -720 = -i + 7*i. List the prime factors of i/(-1 - -2)*18/(-15).
2, 3
Let d = -1132 + 2958. What are the prime factors of d?
2, 11, 83
Let o = 104 + 134. What are the prime factors of o?
2, 7, 17
Let c = 20 - 17. List the prime factors of (-1*(-162 - 1))/(c - 2).
163
Let d(f) = 112*f + 6. Let r(l) = -l. Let a(p) = -d(p) + 3*r(p). List the prime factors of a(-2).
2, 7
What are the prime factors of 104600/240 - (-1)/6?
2, 109
Let r(n) = -2*n - 22. Let j be r(-13). Suppose j*b + 2*l = 4, b + 5*l = -4*b. Suppose 2*q = -3*u + 64, b*q - u = 64 + 8. List the prime factors of q.
5, 7
Let f = -2703 + 4985. What are the prime factors of f?
2, 7, 163
Suppose 11*o = -o + 60. Let i(q) be the second derivative of -q**5/20 + q**4/3 + 7*q**3/6 - 3*q**2/2 + q. What are the prime factors of i(o)?
7
Let f = 6091 + -3744. List the prime factors of f.
2347
Suppose 5148 + 6432 = 20*f. What are the prime factors of f?
3, 193
Suppose p = -4*p - 2*v + 7, -4*v - 1 = 5*p. Suppose -2*d - 121 = -y + d, -5*y + p*d + 581 = 0. What are the prime factors of y?
5, 23
Suppose -2*r + 4*v + 0*v - 156 = 0, 336 = -4*r - 4*v. Let g = r + 219. List the prime factors of g.
137
Suppose 2295 = 6*k - 537. List the prime factors of k.
2, 59
Suppose -177 = -6*w + 555. List the prime factors of w.
2, 61
Let f(d) = -d**2 + 5*d + 10. Let l be f(6). Suppose -l*q + 130 = -30. Suppose 0*j = 2*j - q. List the prime factors of j.
2, 5
Suppose -2*m + 5*q = -603, -1590 = -5*m - 2*q - 2*q. Let n = 449 - m. Suppose 4*y + n = 9*y. What are the prime factors of y?
3
Let o be 22/33 + 8/6. Suppose 4*i + o*z + 41 = -97, 0 = -5*i - 3*z - 172. List the prime factors of (-1)/1*i/7.
5
Suppose -12*o - 16 = -20*o. List the prime factors of 4 - (o - 1 - 166).
13
Let y = 48 + -46. Suppose 2*l = -x + 182, -4*l + y*x = -0*l - 380. What are the prime factors of l?
3, 31
Suppose 0*n - n + 3*s - 5 = 0, -3*n + 6 = -2*s. Suppose n*j = 7*j - 30. List the prime factors of j.
2, 5
Suppose 30*w - 43021 - 19769 = 0. What are the prime factors of w?
7, 13, 23
Let m(q) be the first derivative of 13/2*q**2 - 4*q**3 - 1/4*q**4 - 2 + 16*q. List the prime factors of m(-13).
2
Let t(y) = y**2 - 23*y - 31. Let p be t(24). Let b(f) = -f**3 - 5*f**2 + 3*f + 10. List the prime factors of b(p).
3, 29
Suppose 0 = -4*z - 3*z + 56. Let d = z - -6. What are the prime factors of d?
2, 7
Let n = 32 + -156. List the prime factors of (2/(-2))/(2/n).
2, 31
Let a = 1162 - 136. What are the prime factors of a?
2, 3, 19
Suppose -13*q - 549 = -4*q. List the prime factors of -1*(1 + 0)*q.
61
Let j = 4636 - 2494. What are the prime factors of j?
2, 3, 7, 17
Suppose 3*w = -9 + 15. Let a be (w/3)/(3/18). Suppose -3*q = 15, a*v - 2*q = 87 - 1. What are the prime factors of v?
19
Let x(m) = 300*m - 575. List the prime factors of x(13).
5, 7, 19
Suppose -37*f + 135 = -32*f. Let s = -26 - -38. Let q = f - s. What are the prime factors of q?
3, 5
Suppose 4*r - 4*c = r + 3845, -6413 = -5*r + 2*c. What are the prime factors of r?
1283
Let q = -38 - -36. What are the prime factors of (4 + q)/1 - -41?
43
Let m(d) = -2*d - 4. Let o be m(-4). Suppose 112 = -v + 5*v + w, w + o = 0. List the prime factors of v.
29
Suppose m - 854 = -13*m. Let q = 75 - m. What are the prime factors of q?
2, 7
Suppose -7*p + 40 = -3*p. Suppose -44 = -9*b + p. List the prime factors of b.
2, 3
Let b = 568 + -697. Suppose -12 = 4*h, 2*u - 5*h = -14 - 101. Let i = u - b. What are the prime factors of i?
2
Let r(g) = -g**3 + 12*g**2 + 16*g - 8. Suppose 0 = 7*v - 11*v + 16. Suppose 5*p + v*o - 65 = 0, o - 2*o = -p + 13. List the prime factors of r(p).
31
Suppose -6*u - 1158 + 3576 = 0. What are the prime factors of u?
13, 31
Suppose 2*i - 3393 = -x, 3113 = 3*i + 5*x - 1994. List the prime factors of i.
2, 7, 11
Let t(i) = 10*i - 22. Let u be t(2). List the prime factors of (55/(-44))/(u/440).
5, 11
Let r(l) be the third derivative of l**5/60 + l**4/4 + 7*l**3/6 - l**2. Let z be r(-6). Suppose 3*t - 62 = z. List the prime factors of t.
23
Suppose 0 = -9*u + 10*u - 58. Let o = u - 19. What are the prime factors of o?
3, 13
Let m(i) be the third derivative of 0 + 2/3*i**3 - 2*i**2 - 1/8*i**4 + 0*i + 1/30*i**5. List the prime factors of m(3).
13
Let x(i) = -i**3 + 8*i**2 - 9*i + 9. Let t be x(7). Let l be (1 - 2) + (-2 - (-135 + 6)). What are the prime factors of l/3 + (-2 - t)?
3, 5
Suppose -4*q + 5*b = -2073, 2*q - 108 = -4*b + 948. What are the prime factors of q?
2, 3, 29
Let m be (2*9/(-12))/((-6)/920). Let c = m - 18. What are the prime factors of c?
2, 53
Let p = -72 - -77. Suppose t - 135 = -p*c - 30, 5*t + 4*c - 420 = 0. What are the prime factors of t?
2, 5
Let m(l) = 2*l - 12. Let k be m(8). Suppose 0 = -2*f - k*i + 106, 4*f + 5*i = -f + 250. What are the prime factors of f?
47
Let v(x) = -x**3 + 6*x**2 + x - 8. Let y be v(6). Let p = 6 - y. List the prime factors of p + -3 + -2 - -12.
3, 5
Let w(h) = 29*h + 9. Let b be w(2). Let u = b + 75. What are the prime factors of u?
2, 71
Let s(j) = j**2 + 7*j + 11. Let v be s(-6). Suppose 3*t - 13 = -v*q, 0*q - 3*q = 3. Suppose c = t*c - 95. List the prime factors of c.
19
Let f(h) = -6*h + 10. Let s(i) = 19*i - 30. Let k(t) = 7*f(t) + 2*s(t). List the prime factors of k(-7).
2, 19
Let t(d) = -d**2 + 15*d - 7. Let p(f) = -8*f - 25. Let w be p(-4). List the prime factors of t(w).
7
Suppose -5*v + 4*v + 1 = 0. Let h be v/((-1)/61)*-1. Let o = h - 37. List the prime factors of o.
2, 3
Let w(u) = -3*u - 6. Let d be w(12). Let v = -12 - d. What are the prime factors of v?
2, 3, 5
Suppose -4*p = 4*t - 560, 5*p + 5*t - 2*t - 708 = 0. Suppose 0 = -4*j - 0*j - 4*l + p, 3*j = 5*l + 124. List the prime factors of j.
2, 19
Suppose 1199*j = 1203*j - 2592. List the prime factors of j.
2, 3
Let r = -178 + 118. Let p be 12/r - (-1438)/(-10). List the prime factors of ((-13)/3)/(16/p).
3, 13
Let j = -53 - -63. Suppose j = 2*k, 212 = -2*i + 6*i - 4*k. List the prime factors of i.
2, 29
Suppose 3*m = 3*x - 69, -4*x + 3*m + 129 = 33. Let w be 1*-19 + -2 + 2. Let n = x + w. What are the prime factors of n?
2
Suppose -10*c + 22 + 28 = 0. What are the prime factors of c?
5
Let p = 4 + -9. Let w be (8/(-5))/(2/p). Suppose 9*i - w*i = -5*x - 15, 4*x = -20. List the prime factors of i.
2
Suppose 3*k = 5*u - 2951, -3*k + 387 = 3*u - 1398. Suppose -5*l + 2*m = -2*m - u, -m = -2*l + 235. What are the prime factors of l?
2, 29
Let p = 4 - -6. Suppose -5*m - 29 = -3*j, -4*j = -2*j - m - p. Suppose 0 = -2*t - 2*k - 0 + 36, -j*t - 4*k + 50 = 0. What are the prime factors of t?
2, 11
Let h(y) = -y**3 + 8*y**2 + 1. Let s be h(8). Let j(x) = 10*x**2 - s - 7*x**2 + 3. List the prime factors of j(2).
2, 7
Let d(h) = 19*h - 24. List the prime factors of d(7).
109
Let l(p) = -p**2 + 3*p + 9. Let j(m) = m**3 - 4*m**2 - 5*m. Let o be j(5). Suppose o = g - 2 - 2. What are the prime factors of l(g)?
5
What are the prime factors of 692/32 + (-15)/(-40)?
2, 11
Let p(u) = -4*u - 4. Let d be p(-2). Suppose d*o + o = -100. What are the prime factors of (12/o)/((-2)/20)?
2, 3
Let j(v) = 142*v**2 - 9*v + 15. List the prime